 composite?
False
Is (14/7 + (-3)/2)*(239057 - 79) a prime number?
True
Let s(o) = -o**3 + 6*o**2 - 3*o + 79. Let t be s(16). Let q be (826/(-4))/(9/72). Let u = q - t. Is u a composite number?
False
Suppose -4*u - 36 + 4 = 0. Let x(s) = -28*s**2 - 42*s - 27. Let r(p) = 14*p**2 + 22*p + 13. Let a(k) = -11*r(k) - 6*x(k). Is a(u) a prime number?
False
Suppose 2*t = 2*z + 92, 0 = 4*t - 22 + 2. Is z*-74*6/12 prime?
False
Suppose -18 = -4*j + 2*z, 2*j + 5*z - 23 - 16 = 0. Suppose -j - 14 = -7*u. Suppose u*r + 2*d - 787 = 0, 5*r - 4*d - d = 1270. Is r prime?
False
Let a = 31 + -15. Suppose -3*d - a = -w, -2*d = -6*w + 3*w + 20. Suppose 3*r + q = -2720 + 10647, -w*r = q - 10568. Is r prime?
False
Suppose -4*i - n = -112, 0 = -i + 4*n + 10 + 1. Suppose 2*d = -7*d + i. Suppose -d*u - 4914 = -3*f, -2*u + 4 - 6 = 0. Is f prime?
True
Let j(z) = 50*z**3 - 89*z**2 - 46*z + 34. Is j(15) prime?
False
Let s(q) be the second derivative of q**3/6 - 5*q**2/2 + 18*q. Let c be s(8). Suppose 5*i = -17 - 8, c*m - 5*i - 271 = 0. Is m a prime number?
False
Let p = -584 + 583. Is -1 + p - ((-9779 - 9) + -5) a composite number?
False
Let t(w) = 12*w + 10. Let f be t(3). Let u = -44 + f. Suppose 3*b = -u*b + 7570. Is b a prime number?
False
Suppose 9*u + 1611375 + 2678457 = 0. Is 7/((-280)/u) + (-4)/(-5) a composite number?
True
Let w = -75290 - -163559. Is w a prime number?
False
Let k(i) = i**3 + 146*i - 147*i - 860 - 2*i**2 - 299. Let g be k(0). Let l = g + 1692. Is l a composite number?
True
Let t be (8/(-10))/(4/(-90)). Is (-84141)/(-81) - (-4)/t prime?
True
Let k be ((-532)/(-70))/(2/(-670)). Let s = 829 - k. Suppose -s = -8*z + 953. Is z a prime number?
True
Is 17611/(12/(15 + -3)) composite?
True
Suppose -2*z + 1903247 = 3*y, z - 271*y + 276*y - 951634 = 0. Is z a composite number?
True
Suppose 0 = 6*v - 3*v + b - 3, 0 = 3*v - 3*b - 3. Is (12659 + 12/(-2))*v a composite number?
False
Let d(h) = 52*h**3 + 6*h + 8. Let b be d(10). Suppose 6*v + b = 18*v. Is v a prime number?
True
Suppose 7284 - 1809 = 5*c. Let t = 1271 + c. Suppose -p + t = 3*u, -5*u + 3930 = p - 2*p. Is u a prime number?
True
Suppose -17*h = -13*h + 20436. Let f = 15116 + h. Is f a prime number?
True
Suppose -n = -5*g - 3, -39*n + 43*n + g = 75. Is (0 - -14)*477/n a prime number?
False
Let f(w) = -4*w + 32*w + w**2 - 127 - 15*w. Is f(-28) a prime number?
True
Let u = -44185 - -161612. Is u a composite number?
False
Suppose 40*k + 13*k = 16*k + 421837. Is k composite?
True
Suppose -t + 7768 = -2*q, -3*t + 10659 = -q - 12635. Suppose 0 = -2*c + 3*s + 20195, c - 2332 = 3*s + t. Is c a prime number?
True
Suppose -3 = -2*o - 1. Let d(y) = 6062*y + 5. Is d(o) a composite number?
False
Let o be (-63)/28*(-32)/(-12). Is 7970/o*105/(-175) a composite number?
False
Suppose -3*m = -6*f + 4*f - 101964, -101952 = -3*m - 2*f. Is m prime?
False
Let n(l) = 10*l**2 - 8*l**2 + 10*l**2 + l**3 - 11*l + 3 - 24. Is n(11) a composite number?
True
Let f(l) = 6*l**2 - 40*l + 39. Is f(-19) prime?
False
Let l = 2086 + -1306. Suppose -4*i - l = -0*s + s, 4*s + 792 = -4*i. Let a = i - -352. Is a a composite number?
True
Let x be 6/(12/(-10)) + -88. Let m = x + 85. Let k(j) = -j**3 - 2*j**2 + 4*j - 13. Is k(m) composite?
True
Suppose 10*a - 2 = 38. Let y be 9 + 6*a/(-8). Is 1362 - (2/y)/((-4)/(-12)) composite?
False
Let f be 13131/(-23) - (-8)/(-92). Let g be (-1 - 3759/(-3)) + 0. Let z = g + f. Is z a composite number?
True
Let g be (50/15)/(2/(-1080)). Let t = 1094 + g. Is -4 + 4 + 0 - t/2 composite?
False
Suppose 10*c = 13557 + 24913. Is c prime?
True
Let d(m) = 250*m + 153. Let l(g) = -753*g - 461. Let t(z) = -17*d(z) - 6*l(z). Is t(17) composite?
False
Let v(f) = f**3 + 10*f**2 + 2*f + 103. Is v(44) prime?
False
Let u = 25197 + 189812. Is u prime?
False
Let w(d) = -2295*d - 498. Is w(-9) a prime number?
False
Let c = 4269 + -13142. Let o = c - -14380. Suppose -19*h = -18*h - o. Is h a composite number?
False
Let j be (1092/65)/((-2)/(-5)). Suppose j*x - 46*x + 4 = 0. Is 1121 - 0*x*(-2)/4 prime?
False
Suppose -c + 3*a + 6 = 0, -6*c - 5*a = -4*c + 10. Is -3*((-83)/3)/(c - -1) composite?
False
Let b(r) = -r**3 + 63*r**2 + 36*r - 1017. Is b(56) composite?
True
Is (1/3)/(188/25741524) prime?
True
Suppose 34*d + 2*o = 29*d + 3363499, 2*d = o + 1345396. Is d a composite number?
True
Let a = -378056 - -964011. Is a prime?
False
Let d = 700 - 203. Suppose -m - d = -1365. Suppose -5*o - 3*t + 7*t + 1059 = 0, -4*o - 2*t = -m. Is o a prime number?
False
Let s be -2 - (-4)/(-8)*12. Let h = s - -11. Let p = 20 + h. Is p a composite number?
False
Suppose -7*g + 3*g + 4 = 0. Let c be (45/8)/5 + g/(-8). Is c*(212/(-16))/(3/(-12)) prime?
True
Let i be (-6)/27 + (-50)/18. Let w be 492 + (1/(-5) - 84/30). Is (-8 - -1)/(i/w) a composite number?
True
Suppose 254189 = -22*d + 23*d + 5*m, -2*d + 508356 = -m. Is d composite?
False
Let s(q) = -30*q**3 - 5*q - 6*q**3 + 3 - 36*q**3 - 2*q**2. Let n be s(-3). Suppose 2*w = -w - 5*i + 1942, 3*w - n = -3*i. Is w composite?
True
Let s be 16/(-48) - (-12)/9. Let r(x) = 1641*x**3 + 2*x**2 - 1. Is r(s) a composite number?
True
Suppose 0 = 11*c - 2*c - 135. Let n be c/(-10) - (-3)/2. Suppose 0 = -5*l - n - 25, -4*v - 4*l = -696. Is v a composite number?
False
Let d = -223811 - -401400. Is d a composite number?
False
Suppose 2278239 + 1776038 = 19*x. Is x prime?
True
Let m(y) = -136*y - 17. Let n(j) = -135*j - 18. Let l(o) = -5*m(o) + 4*n(o). Suppose -50*z + 55*z = 2*r + 38, r = -4*z + 20. Is l(z) a composite number?
False
Suppose 40*u - 204 = -11*u. Is (u + (-28)/6)*(-4758)/4 a composite number?
True
Let h(j) = -577*j + 2. Let t(f) = f**2 - 5*f - 1. Let v be t(5). Let w be h(v). Let k = w - 326. Is k a composite number?
True
Suppose -8*p + 175388 = -6*p - 5*k, p - 5*k = 87699. Is p prime?
False
Suppose 5*w = -3*n - 1674576 + 14153188, 0 = -3*n - 3. Is w a composite number?
False
Let z(c) = c**3 - 2*c**2 - 9*c + 6. Let t be z(4). Is t*(-2)/((-8)/598) a composite number?
True
Let f(r) = r**2 - 24*r + 40. Let k be f(22). Is (k - -8) + 5580 + -5 a composite number?
True
Let o be 99/(-18) - (-3)/(-6). Is (-3 - -2)/(o/44052*2) composite?
False
Let p = 2232 - -611. Let f = 12136 - p. Is f prime?
True
Let o(a) = 17*a**2 - 31*a - 283. Is o(50) a composite number?
True
Let p(v) = -552*v**3 - 4*v**2 + 5. Let z(a) = -276*a**3 - 2*a**2 + 2. Let h(y) = -2*p(y) + 5*z(y). Let o be h(-2). Suppose 15045 - o = 7*u. Is u a prime number?
False
Let x(n) = -1285*n**3 + 13*n**2 + 192*n + 777. Is x(-4) prime?
True
Let z(s) be the second derivative of 21*s**4/4 - s**3/6 - 5*s**2/2 - 4*s. Is z(-2) a prime number?
False
Let u = 787 - 1961. Is 0/1 + u/(-7 - -5) a composite number?
False
Let o = 36 + -36. Suppose o = -7*x + 6*x + 2. Let d = x + 47. Is d a prime number?
False
Suppose 1878*p - 1847*p - 5465269 = 0. Is p prime?
True
Let w(n) = 2*n**3 + 39*n**2 - 15*n - 22. Let j(v) = v**3 + v**2 + 3*v + 10. Let i be j(-3). Is w(i) a prime number?
False
Suppose -36 = -66*o + 57*o. Suppose -o*h - 2445 = -u, -5*u = 2*h + 2*h - 12273. Is u a composite number?
True
Is (101 - 103)*2/4*-21911 a prime number?
True
Let d(f) = 36*f**2 - 224*f + 841. Is d(75) a composite number?
True
Let s(k) = -3*k**2 + k + 1253. Let z(p) = 8*p + 32. Let u be z(-4). Suppose u = -3*w + 9, -5*r + 7 + 8 = 5*w. Is s(r) a prime number?
False
Let v = -36308 - -56557. Is v composite?
False
Let f(u) = -2*u - 16. Let w be f(-8). Let z be (w - -1 - 4)*-29. Suppose -86*a + z*a - 839 = 0. Is a a prime number?
True
Let k be (0/2)/(4/(-12)*-3). Suppose 4*b + 2*b = k. Suppose 5*f - 2*r - 637 = b, -2*f + f + 5*r + 132 = 0. Is f a composite number?
False
Let g be (3/(-9))/(7/42). Let o be 5/(-25)*g*(-10)/(-2). Suppose 0 = q + b - 652, 0 = -2*q + o*b - b + 1313. Is q composite?
True
Let f(v) be the third derivative of 13*v**5/60 + 23*v**4/12 - v**3/6 + v**2 - 8*v. Is f(-6) a prime number?
True
Let k(i) = 2*i - 7. Let g be k(4). Let h(w) = 3339*w**2 + w - 1. Let s be h(g). Suppose 4*t - 8*t = 5*v - s, -4*v + 2668 = 4*t. Is v composite?
True
Let i = -161041 - -249690. Is i prime?
False
Let l(t) = -32*t**2 + 46. Let u(n) = -511*n**2 + 735. Let d(k) = -49*l(k) + 3*u(k). Is d(6) prime?
False
Suppose 64 = 16*z - 16. Suppose -z*d + 17631 = -v, 26*v - 20 = 21*v. Is d a composite number?
F